4 - -5)) + 1
-4
What is -3 + 6 + -5 + 5?
3
Evaluate (22 - 23) + 0 + -2.
-3
What is the value of (1 - 4) + (-4 - -9)?
2
Evaluate 6 + 3 + -2 + -5 - 7.
-5
Calculate 17 + -21 + (8 - 1).
3
-5 + 6 + (15 - (1 + 4))
11
(1 - 5) + (-1 - -8) + -5
-2
(-1 - (5 + -1)) + -10 - -7
-8
3 - (-5 - -9) - 3
-4
What is the value of 0 - (5 - (2 - -1 - 3))?
-5
What is (0 - -1 - 6) + 4?
-1
Calculate -1 + (-8 - -4) + 1.
-4
What is -19 + 23 + (-1 - 5)?
-2
Evaluate 0 + 14 + -7 + -10.
-3
What is the value of 3 + (-3 - (3 - (5 - -1)))?
3
What is the value of 0 - (4 + -4) - -4 - -2?
6
What is the value of -7 + 6 - (-1 + 4 - 1)?
-3
Calculate (0 - (-9 + 17)) + 5.
-3
What is the value of -70 + 76 - (0 + 14)?
-8
-14 + (16 + 2 - 8)
-4
Evaluate -6 + 1 + -1 - -3 - -5.
2
Evaluate (12 - (-14 + 19)) + 1 + -11.
-3
What is the value of -2 + -5 + 1 + 5 - -3?
2
What is the value of -3 + 5 + (1 - 2) + 2?
3
Evaluate -3 - ((3 - 4) + 1).
-3
Evaluate 2 + 1 + 6 + -8.
1
Calculate -20 + 15 - (2 - (13 - 2)).
4
What is the value of (6 - -6) + -9 + 2?
5
Evaluate -11 + 6 + 6 + 3.
4
Calculate 1 - (4 + 3 + -3).
-3
0 + 0 + 6 + 10 + -12
4
-7 + 3 - (-17 + 4)
9
Evaluate (-2 - 2 - -6) + (1 - 0).
3
Evaluate 2 - -2 - (-2 - (-1 - 0)).
5
7 + -2 - (-5 - -7 - 5)
8
6 + 5 + (-7 - (2 - 4))
6
What is 8 + 0 + (12 - 15)?
5
2 + 4 - 9 - -4
1
What is -1 + (-7 - 4 - -7 - -7)?
2
Calculate -4 + (3 - (-3 + (-1 - -4))).
-1
What is the value of 4 + -7 - (-2 - (0 - -2))?
1
Calculate (-10 - -5) + 2 - -2.
-1
17 + -24 + (2 - (-2 + -1))
-2
Evaluate -5 - (2 + 1) - (-3 - 0).
-5
What is the value of 1 - (-21 + 8 - -8 - -5)?
1
What is (-1 - -5 - 1) + 2?
5
Calculate -5 + 9 - 1 - (-3 + 7).
-1
What is (1 - 5) + (-10 + -1 - -8)?
-7
Calculate 9 + (4 - 18) + 3 + 0.
-2
What is 0 + (-6 - -7) + -5?
-4
Evaluate 3 + -2 - (-12 + 9).
4
What is the value of -7 + 11 - (-2 + (2 - -3))?
1
Calculate (-19 - (-2 + -8)) + 17.
8
Calculate (-1 - (-1 + 0)) + 79 + -79.
0
Calculate -5 + (2 - (-4 - -3)).
-2
Evaluate (0 - 3) + 2 + 2 + -1.
0
Calculate 2 + -1 - ((-6 - -8) + 3).
-4
-5 - (-7 - -7 - 2)
-3
What is -8 + -3 + 30 + -12?
7
Calculate 1 - (1 - (-2 - -4)).
2
What is -4 + (12 - (1 + 2) - 1)?
4
10 + 1 + (-36 - -24)
-1
Evaluate -1 - 3 - (28 - 25).
-7
What is the value of -3 - (-2 + 0 + 8 + -2)?
-7
What is the value of 1 - 1 - -2 - (218 - 207)?
-9
-1 + -5 + (10 - 10) + 15
9
What is the value of 8 + -12 + (1 + -2 - -2)?
-3
2 + (-3 - (-4 + -4) - 9)
-2
What is 2 - (3 + 0 + -3)?
2
Evaluate (24 - 15 - 0) + -2.
7
What is 3 + 1 - 2 - (19 - 13)?
-4
What is the value of -3 + 1 - (-6 - -6)?
-2
What is the value of 53 + -60 - (-12 + -1)?
6
Evaluate 3 + -16 - (-15 - -4).
-2
What is the value of 0 + 6 + (-10 - -6)?
2
What is -8 + 1 + 4 + 0?
-3
4 + (-3 - 3) + 0
-2
Evaluate -8 + -7 + 12 + 11.
8
What is the value of 1 - (-7 - (-10 + 0))?
-2
What is the value of -11 - (1 + -7) - -6?
1
Calculate -1 + 4 - (7 + -3 + -2).
1
Calculate -9 - -3 - (0 - 4).
-2
-5 - (-4 - (-9 + 0) - 6)
-4
Calculate (5 - 4 - -9) + -5 + 0.
5
What is the value of (3 - 0) + 1 - 2?
2
Calculate -9 + (-7 - 0) + 8 + 0.
-8
What is -1 - (-5 + 3) - (19 + -16)?
-2
8 + (7 - -4) - 9
10
12 + -15 + (4 - 6)
-5
Evaluate 2 + (0 - (0 - 2)) + -6.
-2
Evaluate 9 + (10 + -5 - 8).
6
Calculate -1 + 14 + (-17 - -7).
3
-1 + (-6 - 2 - -12)
3
Calculate -5 + 20 + -7 + -7.
1
What is the value of -8 - (4 + (4 - 4) + -4)?
-8
What is the value of (0 - -2) + 10 + -14?
-2
What is the value of -21 - (-6 + -16) - (5 - 0)?
-4
What is the value of (-17 - 1) + (-17 - -28)?
-7
What is the value of 1 + -3 + (30 - 8) + -16?
4
22 + 2 + -20 + 6
10
Evaluate (1 - 4 - -6) + -3.
0
(-2 - -4) + 2 + (0 - 4)
0
What is -9 + (1 - 3 - -3)?
-8
Evaluate (-9 + 18 - 11) + 2.
0
(-6 - (-7 + 5 + 0)) + -4
-8
What is the value of 5 + (15 + -6 - 18)?
-4
-8 + -4 - -5 - -5
-2
Evaluate (3 - 1) + (1 - (-1 + 2)).
2
Calculate -2 - (0 + 1 + -1) - -7.
5
What is the value of (12 - (5 + 6)) + 0 + 0?
1
1 - (3 + -1) - -5
4
Calculate (4 - 13 - -18) + -1 + -2.
6
-1 + 1 + (9 + -5 - 8)
-4
What is the value of (-6 - 1) + (5 - -5)?
3
Calculate -16 + 11 - (3 + -5 - 1).
-2
Evaluate (-26 - -13) + 5 + -1 + 0.
-9
What is 4 - -1 - (-2 + 10 + 0)?
-3
-5 - (-6 - (-3 + -3))
-5
Calculate 8 - (5 + 6) - 3.
-6
(0 - (-4 - -2)) + (0 - 7)
-5
What is (2 - 17) + 0 - -9?
-6
Evaluate (-5 - (-9 - -4)) + 0.
0
What is the value of -1 + (10 - 5) - 2?
2
Evaluate -12 + (2 - 0 - -4) + -2.
-8
Calculate -5 - (2 + -7 + 6) - 0.
-6
Calculate (3 - 1) + -6 + 4.
0
What is (12 - 7) + (6 - 14)?
-3
What is 11 - 1 - (5 - (3 + -1))?
7
What is (-10 - -15) + (-9 - -1)?
-3
Calculate 12 + -18 - (-6 + 0).
0
What is the value of (-1 - 0 - (-4 + 3)) + 5?
5
What is the value of 7 - (3 - -6) - -6?
4
-2 - 1 - (7 + 0 - 18)
8
Calculate (-11 + 15 - 17) + 6 + 0.
-7
Calculate -3 + (-3 - -1) + 0 + 7.
2
Calculate 8 - 6 - (2 - (2 - 2)).
0
Evaluate 0 + 0 + -2 + 4.
2
Calculate 6 - (11 + -7) - (6 + -5).
1
What is the value of 0 + -2 + (-4 - -4) + 2?
0
-3 + (6 - 1 - 2)
0
2 + 2 + -3 + (3 - 0)
4
Calculate (7 + -4 - 1) + 0 + 2.
4
What is 2 - (0 - (-2 + 9 - 4))?
5
Evaluate (-15 - -10 - (-1 + -3)) + 5.
4
What is the value of 2 + 1 - (4 + 0 + -5)?
4
5 + (-5 - (3 - 0))
-3
What is 1 - (-2 - -5) - 3?
-5
Evaluate 0 - (-1 - 3) - 6.
-2
What is -4 + (-1 - -7) - (1 - -4)?
-3
Evaluate (3 - 2 - 2) + 5 + 3.
7
What is (-1 - (5 + -1 + -2)) + 1?
-2
Evaluate -12 + 9 + (0 - 1 - -1).
-3
What is the value of 3 - 0 - (4 + -1 + 1)?
-1
Evaluate 0 + (5 + -4 - 5 - -4).
0
Calculate 2 - ((6 - 1) + -2 - -1).
-2
Calculate -3 + (-4 - -4) + 7.
4
What is -5 - (-2 + -3 - 1 - -4)?
-3
Evaluate 2 + 0 + -3 + 2 + 2.
3
What is (1 - -4) + (-7 - -5) + -8?
-5
What is the value of 13 + -13 - (3 + 0 + 1)?
-4
What is the value of 2 - (0 + 0) - (6 + -4)?
0
Evaluate -2 + (6 - (2 - -1)).
1
What is the value of -4 + 10 + -2 + -4 + 2?
2
Calculate (-11 - -1) + (-14 - (-36 - -14)).
-2
What is the value of -60 - -61 - (1 + -1 - -1)?
0
Evaluate 17 - 1 - (-2 - (-5 + -4)).
9
-148 + 144 - (-1 + 2)
-5
Calculate -8 + (3 - 4) + 4 + 2.
-3
Evaluate -6 - (-4 + 6 - 5).
-3
What is -3 + (-1 + 1 - -3)?
0
Calculate 0 + (4 - (5 + 0)) - -5.
4
Calculate -2 - (4 + -7 - -3).
-2
Evaluate -5 - -4 - -2 - 3.
-2
4 + (-14 + 4 - -4)
-2
What is the value of -1 - 3 - (-9 - 0)?
5
Evaluate (8 - 17) + 4 + -1.
-6
Calculate (2 - -4) + -12 + 0.
-6
Calculate 2 - (-5 + 4 + -3).
6
What is (-8 - -5) + -2 + 5?
0
What is the value of 1 - (-3 + 1 + -2)?
5
What is (-1 - 1 - 2) + 3 + 2?
1
Calculate 5 + -2 + -16 + (4 - -2).
-7
Evaluate 6 + (-4 + 3 - 1).
4
Evaluate -4 - (8 - (3 + 14)).
5
Evaluate (2 - 6 - 0) + 7.
3
Calculate 2 + (-2 - -3) - 1.
2
Calculate (4 - 4) + 3 + 6.
9
What is 1 + (3 - 8) + -6 + 3?
-7
What is the value of (-5 + 10 - (1 + 1)) + -3?
0
-2 + -3 + -2 + 0 + 2
-5
What is 3 - (0 - 3 - (0 - 3))?
3
What is the value of 9 + -3 - 11 - -7?
2
Calculate -11 + -8 + 0 - -11.
-8
Evaluate -47 + 38 - (1 - 7) - -2.
-1
Evaluate 6 + -6 + 10 + -4.
6
Evaluate 12 - 10 - (4 + -1).
-1
Calculate -7 + (6 + -5 - -2).
-4
What is (1 - 1) + -25 + 28?
3
What is the value of 0 - (1 - -1) - -1?
-1
2 + -1 - 0 - (-9 + 10)
0
What is the value of 1 + -6 + 8 - 6?
-3
Evaluate 1 + (2 - 4 - -6).
5
Calculate -6 + -1 + 14 + (-1 - 0).
6
(-3 + -3 - -7) + 0
1
What is the value of -5 - (-19 + 20 - (1 + 1))?
-4
Evaluate 36 + -36 - (1 - 3).
2
Calculate 10 + -6 - (2 - (-1 - -2)).
3
What is the value of (-9 - 4) + -4 + 9 - -5?
-3
What is 2 + (0 - -5 - -6 - 5)?
8
What is 8 + -9 - -6 - 8?
-3
13 - (5 - -7 - 3)
4
5 - 2 - 1 - (32 + -27)
-3
-5 + (-14 + 27 - (2 - -1))
5
Evaluate (13 - 4) + (-6 - -1) - 9.
-5
Evaluate -214 - -214 - (-11 - -1).
10
Evaluate -4 + -6 + 10 - -2.
2
Evaluate (3 - 16) + 19 + -6.
0
What is the value of -7 - -3 - (-4 - -2 - 0)?
-2
Calculate (5 + (-2 - 1) - -7) + -4.
5
(2 - (8 - 2)) + 3
-1
What is the value of 11 + 0 + -1 + 56 + -61?
5
Evaluate -32 + 33 - (0 - 1).
2
8 + -6 + 5 + -3 + -8
-4
What is -5 - -1 - (-4 + 6 + -5)?
-1
What is the value of -2 + 0 - (24 - 28)?
2
Evaluate 1 + -2 + 1 - (-4 - -4).
0
Calculate (13 - (4 - -8)) + -9.
-8
What is the value of -2 + 9 + -7 + 3?
3
What is the value of 42 - 43 - (5 + -1)?
-5
Calculate 0 + (4 + 0 - 3).
1
-1 - -3 - ((2 - -3) + -7)
4
Evaluate (-98 - -88) + 0 + 12.
2
What is the value of 0 + 0 + 1 + (71 - 68)?
4
What is -5 - (3 - (17 - (7 - 4)))?
6
What is the value of -1 - (-1 + -1 + 6) - 1?
-6
Evaluate -5 - ((7 - 6) + -4 + 2).